{"id":997,"date":"2022-03-12T19:15:46","date_gmt":"2022-03-12T18:15:46","guid":{"rendered":"http:\/\/www.sylvie-beaufils.fr\/?page_id=997"},"modified":"2023-07-04T12:41:59","modified_gmt":"2023-07-04T11:41:59","slug":"la-ville-au-loin","status":"publish","type":"page","link":"http:\/\/www.sylvie-beaufils.fr\/?page_id=997","title":{"rendered":"La ville, au loin"},"content":{"rendered":"<p>Le regard file dans les paysages semi-urbains, jusqu\u2019\u00e0 l\u2019horizon, o\u00f9 des silhouettes d\u00e9coupent le ciel et accrochent le regard. Des pyl\u00f4nes enjambent les arbres, des immeubles au loin nous attendent\u2026 Ces paysages sont beaux et \u00e9mouvants et le fait de ne pas savoir pourquoi ajoute \u00e0 leur force.<\/p>\n\n\nngg_shortcode_0_placeholder\n\n\n<p><em>Techniques mixtes : acrylique, huile sur carton\/toile<\/em><\/p>\n\n\n<p><\/p>\n","protected":false},"excerpt":{"rendered":"<p>Le regard file dans les paysages semi-urbains, jusqu\u2019\u00e0 l\u2019horizon, o\u00f9 des silhouettes d\u00e9coupent le ciel et accrochent le regard. Des pyl\u00f4nes enjambent les arbres, des immeubles au loin nous attendent\u2026 Ces paysages sont beaux et \u00e9mouvants et le fait de ne pas savoir pourquoi ajoute \u00e0 leur force. &nbsp; Techniques mixtes : acrylique, huile sur [&hellip;]<\/p>\n","protected":false},"author":1,"featured_media":0,"parent":0,"menu_order":0,"comment_status":"closed","ping_status":"closed","template":"templates\/page-full-width.php","meta":{"ngg_post_thumbnail":0,"footnotes":""},"class_list":["post-997","page","type-page","status-publish","hentry"],"_links":{"self":[{"href":"http:\/\/www.sylvie-beaufils.fr\/index.php?rest_route=\/wp\/v2\/pages\/997","targetHints":{"allow":["GET"]}}],"collection":[{"href":"http:\/\/www.sylvie-beaufils.fr\/index.php?rest_route=\/wp\/v2\/pages"}],"about":[{"href":"http:\/\/www.sylvie-beaufils.fr\/index.php?rest_route=\/wp\/v2\/types\/page"}],"author":[{"embeddable":true,"href":"http:\/\/www.sylvie-beaufils.fr\/index.php?rest_route=\/wp\/v2\/users\/1"}],"replies":[{"embeddable":true,"href":"http:\/\/www.sylvie-beaufils.fr\/index.php?rest_route=%2Fwp%2Fv2%2Fcomments&post=997"}],"version-history":[{"count":8,"href":"http:\/\/www.sylvie-beaufils.fr\/index.php?rest_route=\/wp\/v2\/pages\/997\/revisions"}],"predecessor-version":[{"id":1167,"href":"http:\/\/www.sylvie-beaufils.fr\/index.php?rest_route=\/wp\/v2\/pages\/997\/revisions\/1167"}],"wp:attachment":[{"href":"http:\/\/www.sylvie-beaufils.fr\/index.php?rest_route=%2Fwp%2Fv2%2Fmedia&parent=997"}],"curies":[{"name":"wp","href":"https:\/\/api.w.org\/{rel}","templated":true}]}}