{"id":1175,"date":"2023-07-04T12:58:37","date_gmt":"2023-07-04T11:58:37","guid":{"rendered":"http:\/\/www.sylvie-beaufils.fr\/?page_id=1175"},"modified":"2023-07-04T15:37:41","modified_gmt":"2023-07-04T14:37:41","slug":"exposition-a-lorangerie-du-thabor","status":"publish","type":"page","link":"http:\/\/www.sylvie-beaufils.fr\/?page_id=1175","title":{"rendered":"Exposition orangerie du Thabor"},"content":{"rendered":"\n<div class=\"wp-block-image\"><figure class=\"aligncenter size-large\"><a href=\"http:\/\/www.sylvie-beaufils.fr\/wp-content\/uploads\/2023\/07\/affiche-expo-orangerie.jpg\"><img loading=\"lazy\" decoding=\"async\" width=\"768\" height=\"1024\" src=\"http:\/\/www.sylvie-beaufils.fr\/wp-content\/uploads\/2023\/07\/affiche-expo-orangerie-768x1024.jpg\" alt=\"\" class=\"wp-image-1176\" srcset=\"http:\/\/www.sylvie-beaufils.fr\/wp-content\/uploads\/2023\/07\/affiche-expo-orangerie-768x1024.jpg 768w, http:\/\/www.sylvie-beaufils.fr\/wp-content\/uploads\/2023\/07\/affiche-expo-orangerie-225x300.jpg 225w, http:\/\/www.sylvie-beaufils.fr\/wp-content\/uploads\/2023\/07\/affiche-expo-orangerie.jpg 900w\" sizes=\"auto, (max-width: 768px) 100vw, 768px\" \/><\/a><\/figure><\/div>\n\n\n\n<ul class=\"wp-block-list\"><li>Mars, Avril 2017 exposition personnelle salle Jean Zay, \u00e0 Chevaign\u00e9 (35) avec <a rel=\"noreferrer noopener\" href=\"https:\/\/jacques-renault.fr\/\" target=\"_blank\">Jacques Renault<\/a> (gouaches), St\u00e9phane Goarnisson (modelage, raku) et Mathilde Delafoy<\/li><li>Avril 2015, exposition personnelle Orane Optique, Rennes (35)<\/li><li>Mars-avril 2014, exposition personnelle salle Jean Zay, \u00e0 Chevaign\u00e9 (35) avec <a rel=\"noreferrer noopener\" href=\"https:\/\/jacques-renault.fr\/\" target=\"_blank\">Jacques Renault<\/a> (gouaches), St\u00e9phane Goarnisson (modelage, raku)<\/li><\/ul>\n\n\n\n<p><\/p>\n","protected":false},"excerpt":{"rendered":"<p>Mars, Avril 2017 exposition personnelle salle Jean Zay, \u00e0 Chevaign\u00e9 (35) avec Jacques Renault (gouaches), St\u00e9phane Goarnisson (modelage, raku) et Mathilde Delafoy Avril 2015, exposition personnelle Orane Optique, Rennes (35) Mars-avril 2014, exposition personnelle salle Jean Zay, \u00e0 Chevaign\u00e9 (35) avec Jacques Renault (gouaches), St\u00e9phane Goarnisson (modelage, raku)<\/p>\n","protected":false},"author":1,"featured_media":0,"parent":0,"menu_order":0,"comment_status":"closed","ping_status":"closed","template":"templates\/page-full-width.php","meta":{"ngg_post_thumbnail":0,"footnotes":""},"class_list":["post-1175","page","type-page","status-publish","hentry"],"_links":{"self":[{"href":"http:\/\/www.sylvie-beaufils.fr\/index.php?rest_route=\/wp\/v2\/pages\/1175","targetHints":{"allow":["GET"]}}],"collection":[{"href":"http:\/\/www.sylvie-beaufils.fr\/index.php?rest_route=\/wp\/v2\/pages"}],"about":[{"href":"http:\/\/www.sylvie-beaufils.fr\/index.php?rest_route=\/wp\/v2\/types\/page"}],"author":[{"embeddable":true,"href":"http:\/\/www.sylvie-beaufils.fr\/index.php?rest_route=\/wp\/v2\/users\/1"}],"replies":[{"embeddable":true,"href":"http:\/\/www.sylvie-beaufils.fr\/index.php?rest_route=%2Fwp%2Fv2%2Fcomments&post=1175"}],"version-history":[{"count":8,"href":"http:\/\/www.sylvie-beaufils.fr\/index.php?rest_route=\/wp\/v2\/pages\/1175\/revisions"}],"predecessor-version":[{"id":1188,"href":"http:\/\/www.sylvie-beaufils.fr\/index.php?rest_route=\/wp\/v2\/pages\/1175\/revisions\/1188"}],"wp:attachment":[{"href":"http:\/\/www.sylvie-beaufils.fr\/index.php?rest_route=%2Fwp%2Fv2%2Fmedia&parent=1175"}],"curies":[{"name":"wp","href":"https:\/\/api.w.org\/{rel}","templated":true}]}}